ate the highest common divisor of w and 30.
6
Let d(k) = -k**3 + k**2 - 9*k + 432. Let l be d(0). Calculate the greatest common factor of 9 and l.
9
Suppose 5*j - n + 5 = 189, 3*n = -2*j + 60. What is the greatest common factor of j and 204?
12
Suppose -22*k = -27*k + 210. Calculate the greatest common divisor of k and 147.
21
Let d be 4/8*6 - (-3)/(-3). Suppose -4*p + 2*w + w = -139, -d*w + 134 = 4*p. Calculate the highest common factor of 306 and p.
34
Let y = -229 + 233. Let b be -1 - -6*14/4. What is the greatest common factor of y and b?
4
Let b be 1/(-2) - (-4)/8. Let s be (-1 + b)/(3/(-102)). Let h = s + -10. Calculate the greatest common divisor of 3 and h.
3
Suppose 237*u = 242*u - 60. Let n = 137 + -77. Suppose -n = -2*o - 3*o. What is the highest common factor of o and u?
12
Let a(b) = 8*b - 14. Let l be a(8). Suppose -5*k = -0 - l. Suppose 2*r - 4*t - 66 = 30, -4*r = 5*t - 205. Calculate the greatest common factor of k and r.
10
Suppose 3*m + 5 = 4*m. Suppose 5*g + 1 = 3*p + 36, -m*p = 2*g + 17. Let j(r) = -21*r + 7. Let b be j(p). What is the greatest common divisor of b and 14?
14
Let k be 3/4 + (-38355)/(-60). Calculate the greatest common divisor of 10 and k.
10
Suppose -191*f + 187*f = -572. What is the greatest common factor of 88 and f?
11
Suppose 3*m = 4*m + s + 2, 3*m = 4*s + 8. Suppose m*i + i = 196. Calculate the greatest common factor of i and 28.
28
Suppose -3*b + 12 = 2*o - 2*b, 2*b = o + 4. Suppose 0*f - 4 = o*f. Let a = f + 16. Calculate the highest common factor of 120 and a.
15
Let h(d) = 2 - 2*d - 4 + 6*d + 4*d. Let j be h(1). Calculate the greatest common factor of 30 and j.
6
Let v be (-2 + 0)/(-5 - 91/(-21)). Let h = 6 + -3. Let t(n) = 2*n. Let b be t(h). What is the greatest common factor of b and v?
3
Suppose -l = -4*l + 45. Suppose 13*i - 9*i - 38 = 2*s, 0 = 5*i + s - 51. What is the greatest common factor of l and i?
5
Let v = -10 + 11. Let y = v + 10. Suppose 4*t + y = 5*t. Calculate the highest common factor of t and 11.
11
Let o = -4 - -9. Let h = -2 + o. Suppose -2*k + 3*x = -78, 0 = k - 0*x - 4*x - 49. Calculate the highest common divisor of h and k.
3
Let n = 2019 - 1747. Calculate the highest common divisor of n and 85.
17
Suppose 8*n - 96 = 4*n. Let g = n + 80. What is the greatest common factor of 13 and g?
13
Suppose 13*c - 223 = 219. Let o(z) = z**2 - z - 3. Let n be o(5). What is the highest common factor of c and n?
17
Let k be 6/(-39) - 3320/52. Let u = 77 + k. Calculate the highest common factor of u and 169.
13
Suppose -u + 5*k = 2*u - 12, 0 = u - 3*k. Let v be (-81)/(-3)*(24/(-4))/(-6). What is the highest common factor of u and v?
9
Let n = 19 - 90. Let c = -50 - n. Calculate the highest common divisor of 7 and c.
7
Let g(y) = -6*y - 8 + 6 + 10*y**3 + 1 + 2*y**2. Let z be g(2). Calculate the greatest common factor of 15 and z.
15
Suppose 3*c + 520 = 8*c. Suppose -2*g + f = -c, -2*f = 2*f. Let s be (39/g)/(6/32). Calculate the greatest common factor of s and 12.
4
Let s(h) = -155*h - 110. Let n be s(-10). Calculate the highest common divisor of 45 and n.
45
Suppose -492 = -3*p + 4*u, -2*p = -u - 49 - 274. What is the highest common divisor of 2 and p?
2
Let o = 47 + -45. Let x be ((-8)/(-12))/o*33. Calculate the greatest common factor of x and 44.
11
Let a be -1 - 15/(-5)*1. Suppose -i - 3*m = -0*i - 61, 0 = a*i - 5*m - 177. What is the greatest common divisor of i and 19?
19
Suppose 4*u = -0*u - 2*s - 2, -3*u - s = 1. Suppose a - 322 - 394 = u. Let z be a/14 + 2/(-14). Calculate the highest common divisor of 34 and z.
17
Let c(q) = 2*q**3 - 23*q**2 + 10*q + 25. Let j be c(11). What is the highest common divisor of 7 and j?
7
Let i = 0 + -7. Let q(g) = 5*g**2 + 7*g - 9. Let a be q(i). What is the greatest common factor of a and 17?
17
Suppose 12*x + 1236 = 4*q + 8*x, -q = 5*x - 279. Calculate the greatest common divisor of 16 and q.
16
Let a(l) = 310*l - 28. Let n be a(1). What is the greatest common factor of 94 and n?
94
Let o = -99 + 105. Let i = 80 + -38. What is the highest common factor of i and o?
6
Let t(o) = -19*o**2 - 1. Let w be t(1). Let i be (2/(-1))/(5/w). Let c be -3*16*(-16)/12. What is the highest common factor of i and c?
8
Let a(y) = 128*y + 785. Let u be a(-5). Calculate the highest common divisor of u and 899.
29
Suppose 32 = d + 7*d. Suppose -5*i = -5*s - 25, 0*s - 3*s = -4*i + 16. What is the highest common divisor of d and i?
1
Let a(t) = t**3 - 10*t**2 + 3*t - 10. Let f be a(9). Let x = 56 - f. Calculate the highest common factor of x and 15.
15
Let y(f) = -32*f + f**2 + 5*f**2 + 5 + 45*f. Let m be y(-5). Calculate the greatest common divisor of 36 and m.
18
Let x(w) = w + 9. Let p be x(-4). Suppose 0 = -9*a + 16*a - 70. Suppose -a*z = -215 + 15. What is the greatest common factor of p and z?
5
Let w be 4 - (3 + -4)/(-1). Let y(k) = 4*k**2 + 2*k**2 + 8*k**2 - k. Let i be y(-1). What is the highest common divisor of i and w?
3
Suppose -3*z + 0*z - 27 = -4*p, 5*p = -z + 48. Suppose -l + 2*k = -p, 4*l + 11 = -3*k + 91. Let m = -11 + l. Calculate the highest common divisor of m and 6.
6
Let t be 0 - (2 + -1 - 18). Suppose y + 15 = -5*j + 3*y, -3*y = -3*j - 9. Let b = 48 - j. Calculate the greatest common divisor of t and b.
17
Suppose 9*v - 6*v - 186 = 0. Suppose 0 = 64*c - v*c - 20. Calculate the greatest common factor of c and 30.
10
Suppose 5*k - 15 = 0, 0 = 3*v + 9*k - 14*k + 3. Let d = 0 - 4. Let w(j) = -4*j - 4. Let h be w(d). Calculate the greatest common divisor of h and v.
4
Let z = 16 + -22. Let i be 600/z - -1*4. Let j = 0 - i. Calculate the highest common divisor of 12 and j.
12
Let j be (3*1)/((-177)/(-472)). Calculate the greatest common divisor of 18 and j.
2
Let v be ((-164)/(-20) - -3)*5. Suppose 4*b = 4, -5*a - 3*b + v = -22. What is the highest common divisor of a and 10?
5
Let k(o) = -o**3 + 6*o**2 - 2. Let w be k(6). Let y(h) = -7*h**3 + 3*h**2 - 6. Let p be y(w). What is the greatest common factor of 93 and p?
31
Let w(p) = -p**2 + 12*p + 11. Let b(j) = j**2 - 12*j - 12. Let f(r) = -6*b(r) - 5*w(r). Let a be f(12). Calculate the highest common divisor of a and 34.
17
Suppose -4*g = 2*p - 2*g, -5*g - 30 = -5*p. Let b = 49 - 72. Let k = b - -26. What is the greatest common factor of p and k?
3
Let a = -72 - -72. Let b be (2 - a)/(44/286). What is the highest common factor of 13 and b?
13
Suppose -5*f = -z + 51, z - f - 3 - 52 = 0. Calculate the greatest common factor of z and 7.
7
Suppose 14*a - 17*a - 153 = 0. Let s = 75 + a. Let h = 275 + -179. What is the greatest common factor of s and h?
24
Suppose -3*a = -a + p - 9, 5*a - 4*p = 16. Let x(h) = h**2 - h + 9. Let f be x(a). Calculate the highest common factor of f and 210.
21
Let f(q) = -q**3 - 5*q**2 + 16*q - 31. Let j be f(-8). What is the highest common divisor of 121 and j?
11
Suppose 2*x = -2*z + 8, -z = 3*x - x. Let r = 8 - z. Suppose r*s + 75 = 3*s. Calculate the greatest common factor of s and 175.
25
Let n be (-2 + 15)/((7 - 5) + -1). Calculate the highest common divisor of 5 and n.
1
Let i = 3 + 0. Suppose -5*j - 448 = -i*q - 65, q - 2*j = 129. Calculate the highest common factor of 11 and q.
11
Let q be (4 - (-3)/3 - -944)*1. Calculate the highest common divisor of 146 and q.
73
Suppose -2633 = -9*w - 581. Calculate the highest common divisor of w and 96.
12
Let p(f) = -f**3 + 7*f**2 - 2*f. Let g be p(6). Let y(b) = b - 4. Let v be y(-14). Let n = 78 + v. What is the highest common factor of n and g?
12
Let t = -47 + 107. Let n be (-15)/t - 42/(-8). Calculate the greatest common factor of 15 and n.
5
Let d(t) = 94*t**2 + 11*t + 25. Let j be d(5). Calculate the highest common factor of 10 and j.
10
Let l(t) = -t**3 - 10*t**2 - 3*t - 136. Let b be l(-11). What is the highest common divisor of 1602 and b?
18
Let x(z) = z**3 - 7*z**2 + 7*z - 5. Let m be x(6). Let y(r) = r**3 + 3. Let s be y(0). Suppose 2 = -k + s. What is the greatest common factor of m and k?
1
Suppose -2*j + 495 = 4*a - 179, -j - 347 = -2*a. What is the greatest common divisor of 63 and a?
9
Suppose 4*b - 3*q = 19, 3*b + 5*q + 13 = -9. Let p = b - -39. Let j = 63 - p. Calculate the highest common factor of 69 and j.
23
Let g be (-7 + 6)*11 + 529. What is the greatest common factor of 14 and g?
14
Let j(y) = 2*y**2 +